{"id":8,"date":"2009-04-30T10:28:02","date_gmt":"2009-04-30T09:28:02","guid":{"rendered":"http:\/\/www.buergerstiftung-schwaikheim.de\/?page_id=8"},"modified":"2024-08-01T08:02:32","modified_gmt":"2024-08-01T07:02:32","slug":"kontakt","status":"publish","type":"page","link":"https:\/\/www.buergerstiftung-schwaikheim.de\/?page_id=8","title":{"rendered":"Kontakt"},"content":{"rendered":"<p>Bei Fragen und f\u00fcr weitere Informationen steht Ihnen der Gesch\u00e4ftsf\u00fchrer der B\u00fcrgerstiftung, Maximilian Matuschek, sehr gerne zur Verf\u00fcgung:<\/p>\n<p><span style=\"display: inline !important; float: none; background-color: transparent; color: #333333; cursor: text; font-family: Georgia,'Times New Roman','Bitstream Charter',Times,serif; font-size: 16px; font-style: normal; font-variant: normal; font-weight: 400; letter-spacing: normal; orphans: 2; text-align: left; text-decoration: none; text-indent: 0px; text-transform: none; -webkit-text-stroke-width: 0px; white-space: normal; word-spacing: 0px;\">Telefon: 07195\/582-64<\/span><br \/>\n<span style=\"display: inline !important; float: none; background-color: transparent; color: #333333; cursor: text; font-family: Georgia,'Times New Roman','Bitstream Charter',Times,serif; font-size: 16px; font-style: normal; font-variant: normal; font-weight: 400; letter-spacing: normal; orphans: 2; text-align: left; text-decoration: none; text-indent: 0px; text-transform: none; -webkit-text-stroke-width: 0px; white-space: normal; word-spacing: 0px;\">Fax: 07195\/582-49<\/span><br \/>\n<span style=\"display: inline !important; float: none; background-color: transparent; color: #333333; cursor: text; font-family: Georgia,'Times New Roman','Bitstream Charter',Times,serif; font-size: 16px; font-style: normal; font-variant: normal; font-weight: 400; letter-spacing: normal; orphans: 2; text-align: left; text-decoration: none; text-indent: 0px; text-transform: none; -webkit-text-stroke-width: 0px; white-space: normal; word-spacing: 0px;\">E-Mail: maximilian.matuschek@schwaikheim.de<\/span><\/p>\n<p>Postanschrift:<\/p>\n<p><span style=\"display: inline !important; float: none; background-color: transparent; color: #333333; font-family: Verdana,Arial,Helvetica,sans-serif; font-size: 16px; font-style: normal; font-variant: normal; font-weight: 400; letter-spacing: normal; orphans: 2; text-align: left; text-decoration: none; text-indent: 0px; text-transform: none; -webkit-text-stroke-width: 0px; white-space: normal; word-spacing: 0px;\">B\u00fcrgerstiftung Schwaikheim<\/span><br style=\"background-color: transparent; border-image-outset: 0; border-image-repeat: stretch; border-image-slice: 100%; border-image-source: none; border-image-width: 1; color: #333333; font-family: Verdana,Arial,Helvetica,sans-serif; font-size: 16px; font-style: normal; font-variant: normal; font-weight: 400; letter-spacing: normal; orphans: 2; text-align: left; text-decoration: none; text-indent: 0px; text-transform: none; -webkit-text-stroke-width: 0px; white-space: normal; word-spacing: 0px; border: 0px none #333333;\" \/><span style=\"display: inline !important; float: none; background-color: transparent; color: #333333; font-family: Verdana,Arial,Helvetica,sans-serif; font-size: 16px; font-style: normal; font-variant: normal; font-weight: 400; letter-spacing: normal; orphans: 2; text-align: left; text-decoration: none; text-indent: 0px; text-transform: none; -webkit-text-stroke-width: 0px; white-space: normal; word-spacing: 0px;\">Marktplatz 2-4<\/span><br style=\"background-color: transparent; border-image-outset: 0; border-image-repeat: stretch; border-image-slice: 100%; border-image-source: none; border-image-width: 1; color: #333333; font-family: Verdana,Arial,Helvetica,sans-serif; font-size: 16px; font-style: normal; font-variant: normal; font-weight: 400; letter-spacing: normal; orphans: 2; text-align: left; text-decoration: none; text-indent: 0px; text-transform: none; -webkit-text-stroke-width: 0px; white-space: normal; word-spacing: 0px; border: 0px none #333333;\" \/><span style=\"display: inline !important; float: none; background-color: transparent; color: #333333; font-family: Verdana,Arial,Helvetica,sans-serif; font-size: 16px; font-style: normal; font-variant: normal; font-weight: 400; letter-spacing: normal; orphans: 2; text-align: left; text-decoration: none; text-indent: 0px; text-transform: none; -webkit-text-stroke-width: 0px; white-space: normal; word-spacing: 0px;\">71409 Schwaikheim<\/span><b><\/b><i><\/i><u><\/u><\/p>\n<h3>Bankverbindung:<\/h3>\n<p><span style=\"display: inline !important; float: none; background-color: transparent; color: #333333; cursor: text; font-family: Georgia,'Times New Roman','Bitstream Charter',Times,serif; font-size: 16px; font-style: normal; font-variant: normal; font-weight: 400; letter-spacing: normal; orphans: 2; text-align: left; text-decoration: none; text-indent: 0px; text-transform: none; -webkit-text-stroke-width: 0px; white-space: normal; word-spacing: 0px;\">Kontoinhaber: B\u00fcrgerstiftung Schwaikheim<br \/>\nIBAN: DE06 6009 0100 0000 0800 04<br \/>\n<\/span><span style=\"display: inline !important; float: none; background-color: transparent; color: #333333; cursor: text; font-family: Georgia,'Times New Roman','Bitstream Charter',Times,serif; font-size: 16px; font-style: normal; font-variant: normal; font-weight: 400; letter-spacing: normal; orphans: 2; text-align: left; text-decoration: none; text-indent: 0px; text-transform: none; -webkit-text-stroke-width: 0px; white-space: normal; word-spacing: 0px;\">BIC: VOBADESS<\/span><br style=\"border-image-outset: 0; border-image-repeat: stretch; border-image-slice: 100%; border-image-source: none; border-image-width: 1; font-family: Verdana,Arial,Helvetica,sans-serif; font-size: 16px; border: 0px none #333333;\" \/>Volksbank Stuttgart eG<\/p>\n","protected":false},"excerpt":{"rendered":"<p>Bei Fragen und f\u00fcr weitere Informationen steht Ihnen der Gesch\u00e4ftsf\u00fchrer der B\u00fcrgerstiftung, Maximilian Matuschek, sehr gerne zur Verf\u00fcgung: Telefon: 07195\/582-64 Fax: 07195\/582-49 E-Mail: maximilian.matuschek@schwaikheim.de Postanschrift: B\u00fcrgerstiftung SchwaikheimMarktplatz 2-471409 Schwaikheim Bankverbindung: Kontoinhaber: B\u00fcrgerstiftung Schwaikheim IBAN: DE06 6009 0100 0000 0800 04 BIC: VOBADESSVolksbank Stuttgart eG<\/p>\n","protected":false},"author":1,"featured_media":0,"parent":0,"menu_order":8,"comment_status":"open","ping_status":"closed","template":"","meta":{"footnotes":""},"class_list":["post-8","page","type-page","status-publish","hentry"],"_links":{"self":[{"href":"https:\/\/www.buergerstiftung-schwaikheim.de\/index.php?rest_route=\/wp\/v2\/pages\/8","targetHints":{"allow":["GET"]}}],"collection":[{"href":"https:\/\/www.buergerstiftung-schwaikheim.de\/index.php?rest_route=\/wp\/v2\/pages"}],"about":[{"href":"https:\/\/www.buergerstiftung-schwaikheim.de\/index.php?rest_route=\/wp\/v2\/types\/page"}],"author":[{"embeddable":true,"href":"https:\/\/www.buergerstiftung-schwaikheim.de\/index.php?rest_route=\/wp\/v2\/users\/1"}],"replies":[{"embeddable":true,"href":"https:\/\/www.buergerstiftung-schwaikheim.de\/index.php?rest_route=%2Fwp%2Fv2%2Fcomments&post=8"}],"version-history":[{"count":22,"href":"https:\/\/www.buergerstiftung-schwaikheim.de\/index.php?rest_route=\/wp\/v2\/pages\/8\/revisions"}],"predecessor-version":[{"id":488,"href":"https:\/\/www.buergerstiftung-schwaikheim.de\/index.php?rest_route=\/wp\/v2\/pages\/8\/revisions\/488"}],"wp:attachment":[{"href":"https:\/\/www.buergerstiftung-schwaikheim.de\/index.php?rest_route=%2Fwp%2Fv2%2Fmedia&parent=8"}],"curies":[{"name":"wp","href":"https:\/\/api.w.org\/{rel}","templated":true}]}}